 - 3. What is the units digit of y/(-5) + (-363)/(-5)?
3
Suppose -2*x + 1 = -5. Suppose -3*v = -3*f + 15, x*f + 0*f = -3*v + 21. What is the units digit of ((-370)/(-8))/(f/24)?
5
What is the units digit of 4 + 6 + 2 - -10317?
9
Let l(a) be the first derivative of a**3/3 + 2*a - 2. Let g be l(0). Suppose 3*k - 263 = 2*d, g*k + 3*k = 5*d + 430. What is the units digit of k?
1
Let t(q) = -13*q - 8. Let p be t(1). What is the tens digit of 28854/147 + 2 + 48/p?
9
Suppose -5*c + 14640 = -4*f, 7*c = -5*f + 5*c - 18333. What is the units digit of f/(-2)*484/605?
6
Let f be (-286)/6 - 4/12. Let t(d) = d**2 + 43*d - 181. What is the tens digit of t(f)?
5
Let o(v) = 69*v**2 + 59*v + 1557. What is the hundreds digit of o(-19)?
3
Let k(s) = 14*s**3 + 44*s**2 - 44*s + 230. What is the tens digit of k(10)?
9
Let d(c) = 1874*c - 1985. What is the units digit of d(2)?
3
Suppose 0*c = -3*v + 3*c + 15, -5*v + 37 = -2*c. Let i(n) = -n**3 + 26*n**2 + 6*n - 22. What is the thousands digit of i(v)?
1
What is the thousands digit of (-12 - 160/(-8)) + 3363?
3
Let u = 1433 - 848. Let z = u + 0. What is the units digit of z?
5
Let n = 188 + -67. Let f = 124 - n. Suppose -5*g - f*j + 566 = 0, -93 - 349 = -4*g + 3*j. What is the hundreds digit of g?
1
Let v(q) = 558*q**2 + 67*q + 63. What is the hundreds digit of v(7)?
8
Suppose -5*b = -787 - 5028. Let m = b + -68. What is the hundreds digit of m?
0
Suppose -2*r - 4*w + 2720 = 0, 0 = -39*r + 37*r - 5*w + 2726. What is the units digit of r?
8
Suppose -2*r - 27 = 5*w, r - 2*w + 16 = -5*w. What is the tens digit of (-1)/((-6)/3504) + r + 1?
8
Suppose -5924 = -y - 4*m + 55526, 2*y - 122828 = 4*m. What is the tens digit of y?
2
Suppose 199*m - 7461008 = -154*m. What is the hundreds digit of m?
1
Let c(x) = 83*x**2 + 309*x + 2948. What is the hundreds digit of c(-10)?
1
Suppose -3*d = 2*k - 441, -k + d + 158 + 65 = 0. Let w be k*1 + (-19 - -19). Suppose -w + 45 = -r. What is the tens digit of r?
7
Suppose 6*s = -24, 4*s + 92 = 4*k - 976. What is the tens digit of k?
6
What is the thousands digit of (46374 - -10)*(-1)/6*-3?
3
Suppose 270*s = 255*s + 30750. Suppose 47*b = 45*b + 3*q + 1373, -3*b + s = 5*q. What is the units digit of b?
5
Let p = -844 + 1537. Suppose 4*h - p = -5*c - 65, -4*c = -5*h + 826. What is the tens digit of h?
6
Suppose 0*p - 2*p + 5*d - 7 = 0, -d = p. What is the tens digit of (p - 0)*-83 + 28/7?
8
Let x = -65 - -67. Suppose -5*b - x*h = -85, 25 = 2*b - 0*b - h. What is the units digit of -12*(55/(-50) + (-6)/b)?
8
Suppose -v + 1 = 2*m - 2, 5*v - 15 = -2*m. Suppose 0 = b - 3*z - 6, 0*b - 27 = -2*b + v*z. Let c = 75 + b. What is the tens digit of c?
9
Let p be (-3)/(-6) + (-133)/14. Let i(f) = 2*f**2 + 2*f - 11. What is the tens digit of i(p)?
3
What is the units digit of ((-4371900)/760)/((-6)/8)?
0
Suppose -4662 = -9*z + 2817. Let p = -523 + z. What is the hundreds digit of p?
3
Suppose b + 9*y - 5*y = 16700, 2*b - y = 33400. What is the thousands digit of b?
6
What is the thousands digit of (50496/42)/((-18)/(-63))?
4
Suppose -189591 = -90*h + 314591 + 6838. What is the tens digit of h?
7
Suppose -345*n - 188*n = -4163263. What is the units digit of n?
1
Let p be (-176320)/(-114) + (-1)/(-3). Suppose -4*f + 6167 = -n, 0 = -11*f + 10*f + 2*n + p. What is the thousands digit of f?
1
Let k(x) = 3 + 33 + 17*x - 10*x. Let j be k(17). Suppose j = 22*f - 17*f. What is the tens digit of f?
3
Let g(i) = 209*i**3 - 3*i**2 + 10*i + 32. What is the ten thousands digit of g(5)?
2
What is the tens digit of (-5)/(-1) - ((-54)/9 + -1867)?
7
Suppose -z - 4 = -3, 0 = -4*d + 7*z + 53391. What is the hundreds digit of d?
3
Let x be (-1 + 3/5)/(3/(-15)). Suppose 4*m - 501 = -3*i, 3*m - 5*i - 131 = x*m. Suppose -14*h = -20*h + m. What is the units digit of h?
1
Let m(g) = g**3 + 15*g**2 + 4*g + 31. Let u be m(-15). Let s = 78 + u. Suppose t - 117 = s. What is the units digit of t?
6
Let z be (90/36)/(5/2). What is the units digit of 147 - (z - (-4 + 1))?
3
Suppose 19*q = d + 15*q - 1109, -d = 5*q - 1100. What is the tens digit of d?
0
Let z = -28183 - -53552. What is the ten thousands digit of z?
2
Let l(v) be the third derivative of v**5/60 - v**4/2 - 13*v**3/3 + 6*v**2. Let r be l(14). What is the tens digit of r/8 + 355/4?
8
Suppose -2*l - 5*m - 80 = 0, -4*l - m - 246 = l. Let n = l - -700. What is the units digit of n?
0
Suppose -2*m + 34539 = 3*v + 2300, 0 = 5*m + v - 80565. What is the ten thousands digit of m?
1
Let z(t) = -5 - 4*t**2 + 22*t + 3*t**3 - 54*t - 4*t**3 + 28*t. Let d be z(-3). What is the units digit of (-143)/(-117) + d/9?
1
Suppose 6 = -3*y, a + 5*y = 2*y - 4. Suppose 5*k - 9511 = -a*m, -17*k + 14*k - 5*m = -5718. What is the thousands digit of k?
1
Suppose 0 = b - 4*f - 694, b - 2746 = -3*b + f. Suppose 15*t = 29*t - b. What is the tens digit of t?
4
Suppose 24*p + 5*p = 135418 + 496347. What is the ten thousands digit of p?
2
Let h = -1944 + 6412. What is the thousands digit of h?
4
Suppose 0 = 2*y + 59 - 47. Let f(w) = -87*w - 11. Let s be f(y). Suppose -5*p = -s - 899. What is the units digit of p?
2
What is the tens digit of 1/(2/12) + (-2 - -1 - -52726)?
3
Suppose -14*h + 40936 = 5082. What is the units digit of h?
1
Let n(a) = 6*a**3 - a**2 - a + 2. Let m(v) = 6*v**3 + 3. Let d(s) = 2*m(s) - 3*n(s). Let t = -188 + 186. What is the units digit of d(t)?
4
Let n = 47 - 45. What is the tens digit of n/(-3 + 3147*5/5235)?
4
Let v(i) = i**2 - 10*i + 12. Let p be v(9). Let c = -15 + p. Let w(r) = -7*r - 7. What is the units digit of w(c)?
7
Let w be (2/6)/(1/66). Let u be (-1885)/(-143) - 4/22. Let r = w + u. What is the units digit of r?
5
Suppose 7*w + 230 = 2*w - h, -w = 4*h + 27. Let k = -19 - w. What is the hundreds digit of 7/2*(k - -10)?
1
Let d(t) = t**3 - 20*t**2 - 20*t - 18. Let f be d(21). Suppose f*n - 90 = -132. Let u(p) = 2*p**2 + 9*p - 34. What is the tens digit of u(n)?
3
Let l = 35 + -33. What is the hundreds digit of (-2 - 4725/(-18)) + l/(-4)?
2
Let u = -12 - -515. Let b = u - 501. What is the units digit of b?
2
Suppose -87*f + 6483621 - 2060802 = 0. What is the hundreds digit of f?
8
Let t = 358 + -218. Let s = t - -46. What is the tens digit of s?
8
What is the tens digit of (-183152)/(-424) - 12/(-318)?
3
Let d be 64/(-10) + (-13)/(455/(-14)). What is the units digit of (16/d)/8 - (-1946)/6?
4
Suppose 178 = 9*h - 5*h + 2*y, -190 = -4*h + 2*y. Let o = -37 + h. Suppose o*f = -37 + 721. What is the tens digit of f?
7
Let s(k) = -k**3 + 5*k**2 - k + 4. Let g be s(3). Suppose 7*a - 3*a - g = i, 2*a = -2*i + 12. Suppose 4*z = a*z - 30. What is the units digit of z?
0
Suppose -3752 = -4*o - c + 4*c, 5*c = -5*o + 4655. Let b = o - 494. What is the hundreds digit of b?
4
Let i = -15 - -22. Let x(k) = 3*k - 20. Let y be x(i). Suppose 4*r = -d + 2*r + 1, 0 = -d - 4*r + y. What is the units digit of d?
1
Let g = 63 + -57. Suppose -16 = 8*w - g*w. What is the hundreds digit of (-6)/39 + w/(-52) + 127?
1
What is the thousands digit of ((-1555)/(-15) - -5)*10*(-30)/(-25)?
1
Let x(u) be the third derivative of -u**6/30 - u**5/60 - u**4/3 - u**3 + 36*u**2. What is the tens digit of x(-4)?
6
Let u(b) = 100*b + 95. Let v = 435 - 428. What is the tens digit of u(v)?
9
Let q(p) = -p**3 - 19*p**2 - 24*p + 25. Let d(t) = -6*t**3 - 98*t**2 - 121*t + 124. Let f(m) = 2*d(m) - 11*q(m). What is the units digit of f(12)?
1
Suppose 14*v - 20*v = -20940. Suppose -3*x + v = -t - 2663, -2*t = 4*x - 8214. Suppose 18*j - x = 6*j. What is the tens digit of j?
7
What is the units digit of (-278624)/(-32) + 0 + 11?
8
Let r = -154 - 593. Let l = -454 - r. What is the hundreds digit of l?
2
Let o(d) = 2*d + 10. Let u be o(-8). Suppose v = -2*g + 4*v + 17, g + 4*v = 36. What is the tens digit of (-12)/1*g/u?
3
Let n be 6/14 + (-75)/(-21). Suppose n*i - 360 = 44. What is the hundreds digit of i?
1
Suppose -5*m - 7396 - 2057 = -4*k, 4*m = 5*k - 11823. What is the hundreds digit of k?
3
Suppose 3*u = -u - 4*d + 12, -5*u - 4*d + 14 = 0. Suppose -951 = -3*x - 2*x + b, -u*x + 370 = -3*b. What is the tens digit of x?
9
What is the hundreds digit of (977280/(-35))/(-4) + (-48)/84?
9
Let j(m) = -10*m + 19. Let z be j(-9). Let n = z - -169. What is the units digit of n?
8
Suppose -67*z + 817 + 2332 = 0. What is the tens dig